. Calculate the highest common factor of 20 and v.
20
Let i = 458 - 439. Let u(j) = 11*j**2 - 2*j + 3. Let v be u(4). What is the highest common factor of i and v?
19
Let l be 133/38*2/1. Suppose -m + 0*m + l = 0. Calculate the highest common divisor of m and 56.
7
Let f = -4 + 15. Suppose -5*g = -138 - 82. Calculate the greatest common divisor of f and g.
11
Let u(z) = -z**3 - 3*z**2 - z + 2. Let p be u(-3). Suppose p*c - 943 = -93. Calculate the greatest common divisor of 68 and c.
34
Let p = -36 - -39. Suppose -p*b + b = -18. Calculate the highest common factor of 36 and b.
9
Let d = 1 + 1. Let z(p) = -42*p**3 - 3*p**2 + 4*p + 20 - 22 + 44*p**3. Let q be z(d). Calculate the highest common divisor of q and 40.
10
Suppose -8 = -10*d + 42. Suppose 3*u + 69 = 2*g, 3*g + 2*g - 160 = -d*u. Calculate the highest common divisor of g and 132.
33
Let x(r) = -41 + 72 - 41 - 29*r. Let a be x(-2). What is the greatest common factor of 36 and a?
12
Let c(t) = t**2 - 9*t - 2. Let k be c(10). What is the greatest common factor of k and 808?
8
Let d = 5 + 7. Let o = 17852 + -17822. Calculate the highest common factor of d and o.
6
Let h = 139 - 85. What is the highest common divisor of 234 and h?
18
Let v be 372/14 + 129/301. Calculate the highest common factor of 1107 and v.
27
Let t = 2106 + -1764. What is the greatest common factor of t and 18?
18
Suppose d - 4*b + 376 = 2*d, -5*d + b = -1964. What is the highest common factor of d and 16?
8
Suppose -3*n + 89 = -2*o, 5*o + 31 = 4*n - 76. Calculate the greatest common divisor of n and 528.
33
Let m be (5/7 - 10/(-35)) + 24. Let j(c) = 2*c**2 - 5*c + 8. Let a be j(6). What is the highest common divisor of m and a?
25
Let y = 145 + -118. Calculate the highest common divisor of 144 and y.
9
Suppose -3*b + b - 2 = 0. Let m = b - -12. Let j be 2/(-4) - 9751/(-98). Calculate the highest common divisor of m and j.
11
Suppose 0 = -w + 6 - 2. Suppose w*q - 25 = 3*n, -5*n - 5 = -3*q - 0*n. Let o(g) = -24*g + 1. Let c be o(-1). What is the highest common divisor of c and q?
5
Let m(h) = -11*h**2 + 199*h - 12. Let k be m(18). Calculate the greatest common factor of k and 27.
3
Let k be -1*(-16)/1*11. Suppose 38*a - 265 = 343. What is the highest common factor of k and a?
16
Let y(a) = a**2 - 10*a - 2. Let u be y(10). Let l be 54*(1 + u/3). What is the greatest common factor of 18 and l?
18
Suppose -2*w + 5*i = -388, -i - 2 = 2. Suppose 3*o - o - 46 = 0. Calculate the greatest common divisor of w and o.
23
Let i(w) = w**3 + 10*w**2 + 11*w + 2. Let d be i(-9). Let h = -4 + d. Let u = h - -25. Calculate the highest common factor of u and 5.
5
Suppose -2*x - 5*t = -249, 3*t - 600 = -5*x - 2*t. Let g = x + -68. What is the greatest common divisor of 7 and g?
7
Let v be (-2 + 1)*(-1 + 2). Let f be v/(2 - 76/36). Suppose 8*a = f*a - 5. Calculate the highest common factor of a and 2.
1
Let v = 309 - 222. What is the greatest common divisor of 696 and v?
87
Let t = -5 - -7. Suppose n - 5*u = 18, -8*u + 3*u = 5*n. Suppose 16 = n*w - t. Calculate the greatest common factor of 60 and w.
6
Let g = 3 + -9. Let n be g*(-17 + 0 + -3). What is the highest common factor of 12 and n?
12
Let a(w) = -w**3 - 28*w**2 + 24*w - 1. Let o be a(-29). What is the greatest common factor of 324 and o?
36
Let x(t) be the second derivative of -5*t**3/6 - 3*t**2 - 2*t. Let n be x(-10). Suppose 3*d - 10 = n. What is the highest common factor of d and 198?
18
Let l = 11 + -16. Let i = 24 - l. Calculate the greatest common divisor of 290 and i.
29
Suppose 210 = -10*p + 12*p. Let z be p/4 + (2 - 45/20). Calculate the highest common factor of z and 13.
13
Let o(i) = -5*i**2 - 76*i - 166. Let m(q) = -q**2 - 15*q - 33. Let s(h) = 11*m(h) - 2*o(h). Let t be s(-6). Calculate the greatest common divisor of t and 121.
11
Let t(x) = -37*x**2 + 36*x**2 + x**3 - 6*x + 1 - 3. Let z be t(4). Calculate the greatest common factor of z and 2.
2
Suppose -12 = 4*s, -s - 23 - 12 = 2*p. Let x = 331 + p. What is the greatest common factor of 45 and x?
45
Suppose -3*i = -m - 24 - 41, -2*m = -i + 30. Suppose i = v + v. Calculate the highest common factor of v and 100.
10
Let g be (-9 - 0)/((-6)/160). Suppose -1322 - 1138 = -82*k. What is the highest common factor of k and g?
30
Suppose 106 = 4*i - 46. What is the greatest common divisor of i and 19?
19
Let b = -663 + 758. Calculate the greatest common factor of 380 and b.
95
Let j be (490/(-21))/(4/18). Let p = j + 225. Suppose -p = 4*r - 9*r. Calculate the greatest common divisor of 60 and r.
12
Let x be (2 - -1) + 0/(-3). Suppose -12 = -3*q + x. Suppose -q*g - 70 = -10*g. What is the greatest common divisor of 28 and g?
14
Let y be 3/(6/4) + -2. Suppose y = 4*m + 12, 4*j - 4*m + 0*m - 68 = 0. Let b = 929 + -894. What is the greatest common factor of j and b?
7
Let j = 148 + -105. Let i = 69 - j. Suppose -g + 78 = 3*u, u - 2*g = -g + i. Calculate the highest common divisor of u and 234.
26
Let o(y) be the second derivative of 4*y + 0*y**2 + 0 + 1/6*y**3 + 1/12*y**4. Let a be o(-5). Calculate the highest common divisor of a and 30.
10
Suppose 284 = -2*l + v, 2*v + 424 = -3*l + 4*v. Let q be ((-6)/4)/(9/l). What is the greatest common factor of 36 and q?
12
Suppose 4*u - 12 = 20. Let h(j) = 4*j**3 - 2*j**3 - 1 - 6*j + 2*j**3 - 3*j**3 - 7*j**2. Let y be h(u). What is the highest common factor of y and 10?
5
Suppose 2*s - 4*s = 3*b + 4, 4*b - 4*s = 8. Suppose 2*t - 6 = b, 0*t + t - 33 = -2*u. Calculate the highest common divisor of u and 3.
3
Let u(a) = 4*a + 258. Let s be u(-33). What is the greatest common divisor of 28 and s?
14
Let x be 54/(-252)*-20 + 4/(-14). Let y be 92/9 + 2/(-9). What is the highest common divisor of y and x?
2
Let p = -2179 - -3356. What is the greatest common factor of p and 11?
11
Suppose 0*i = -2*i + 5*p - 52, 6 = 3*p. Let a = i - -33. Suppose f + 2*f = 12. What is the highest common divisor of f and a?
4
Suppose 2*j - a + 2*a = 56, 0 = -2*j + 2*a + 50. What is the greatest common divisor of 90 and j?
9
Let z = 3779 - 3770. Let s(c) = 10*c**3 - 2*c**2 + c - 2. Let g be s(2). Calculate the highest common divisor of g and z.
9
Let y(z) = -16*z**3 - 3*z**2 + 2. Let m be y(-1). Let g be (1400/m - (-2)/(-6))*1. What is the greatest common factor of g and 31?
31
Let r(c) = -3*c + 60. Let h be r(13). Calculate the greatest common factor of h and 777.
21
Let h(f) = 10*f - 5. Let v = 2 - 0. Suppose -3*p + 2*r - 3 = 5*r, v*p = -5*r - 11. Let s be h(p). Calculate the highest common factor of s and 135.
15
Let l(s) = 9*s + 22. Let k be l(-8). Let d = k + 76. Calculate the greatest common factor of 26 and d.
26
Let o = 8 - 5. Suppose -4*h - 84 = 4*g, -o*h - g - 63 = -4*g. Let m be (-98)/h - 2/3. What is the highest common divisor of m and 36?
4
Let s(c) be the first derivative of 3*c**2 + 7*c - 4. Let a be s(6). Suppose -2*n + a = 13. Calculate the highest common factor of 135 and n.
15
Let g be 33 - 6/(-12)*6. Calculate the highest common divisor of 132 and g.
12
Suppose -s - 20 = 3*s, -t + 5 = -s. Suppose t = -4*m + 2*g + 328, -4*g + 35 = 2*m - 109. What is the greatest common divisor of m and 10?
10
Suppose 155 = -5*m + 805. Let i = 77 - 37. Let k = i - 14. Calculate the greatest common divisor of k and m.
26
Suppose 6*r - 386 - 160 = 0. What is the highest common factor of 182 and r?
91
Let v be -1*(44/36 + (-4)/18). Let t(k) = 78*k**2 + 2*k + 1. Let l be t(v). Calculate the greatest common divisor of l and 7.
7
Let b(z) = z + 2. Let o be b(5). Let t = o - 6. Let h be -1*t/(-1) + 48. Calculate the highest common factor of h and 7.
7
Suppose k + 4*k = 220. Suppose -7*u = -5*u + 2*l - 2, -11 = -2*u + l. Calculate the highest common divisor of u and k.
4
Let s(n) = 2*n**2 - 3*n + 3. Let k be s(5). Let c(m) = 9*m**2 - 6*m + 14. Let x be c(2). Calculate the highest common divisor of k and x.
38
Let s be 3 + (-435)/(-12) + (-3)/(-4). What is the greatest common divisor of 480 and s?
40
Let x(t) = t**2 + t + 1. Let n be x(1). Let d(c) = -c**2 + 4*c + 1. Let s be d(n). Suppose 2*y = -4*y + 24. Calculate the highest common divisor of s and y.
4
Suppose f - 3 = i - 12, -4*f = -i + 24. Suppose -i*g = 2*d - 58, -3*d + 4*g + 22 = -35. Let z = d - 13. What is the greatest common factor of 70 and z?
10
Let o(z) = z**2